 prime factors of a.
9631
Suppose -11*r + 40*r - 637884 = 0. What are the prime factors of r?
2, 3, 13, 47
Let k = 57033 - 26739. List the prime factors of k.
2, 3, 11, 17
Let t = -181 + 184. Suppose -5*o = i - 1644, -336 + 1319 = t*o + 4*i. List the prime factors of o.
7, 47
Suppose 27*j = 28*j - 28. Suppose -6*w - 14 = j. Let t(c) = -24*c + 25. What are the prime factors of t(w)?
193
Suppose -2*n = 10, 0*n + 20 = -3*k - 4*n. Suppose -m = -i - k*m + 6, 27 = 5*i - 2*m. Suppose -2*f + 8 = 0, -i*f + 80 = g - 2*f. List the prime factors of g.
2, 17
Let m(y) = -60*y**3 - 7*y - 12. Suppose 2*b + 5 = 1. What are the prime factors of m(b)?
2, 241
Suppose 0 = -77*r + 1992611 - 417730. What are the prime factors of r?
113, 181
Suppose 4*i - 22 = 58. Suppose m + 3*m = i. Suppose -m*j + f + 1326 = 0, -4*j - 5*f = -f - 1080. List the prime factors of j.
2, 7, 19
Suppose -5*z + 225180 = -12*l + 7*l, 2*z = -4*l + 90096. List the prime factors of z.
2, 5, 563
Let k = -76 + 301. Suppose 727 + k = q. List the prime factors of q.
2, 7, 17
Let q(x) = 191*x - 135. Let w be q(19). Suppose 5*j - g - 5188 = 0, -5*g - 398 = 3*j - w. What are the prime factors of j?
17, 61
Suppose 9*b - 376188 = -85*b. What are the prime factors of b?
2, 3, 23, 29
Let n(f) = f + 12. Let b be n(-4). What are the prime factors of (1316/6)/(b/12)?
7, 47
Suppose 3*q - 4*c + 8 = -4, 4*c = -4*q - 16. What are the prime factors of (-1 - -427)/(-2 - q)?
3, 71
Let a = 2103 - -266. What are the prime factors of a?
23, 103
What are the prime factors of (28745/25 + 4)*(-1 - 0 - -6)?
3, 641
Let h = -824 - -2272. Suppose -2*f + 6*f = h. What are the prime factors of f?
2, 181
Let o(l) be the first derivative of 8*l**2 + 37*l + 2. What are the prime factors of o(12)?
229
Let m = -1551 - -2406. Let h = m + -207. What are the prime factors of h?
2, 3
Let a = -704 + 48. Let b = a - -1257. List the prime factors of b.
601
Suppose 12294157 - 2442957 = 262*f. List the prime factors of f.
2, 5, 47
Let f = -604 - -609. List the prime factors of ((-8244)/216)/((10/(-12))/f).
229
Let k(d) = -348*d + 685. What are the prime factors of k(-20)?
5, 11, 139
Suppose 14*m = 7*m + 7308. Suppose -15*g + 21*g = m. Let z = -36 + g. What are the prime factors of z?
2, 3, 23
Let w be (-18)/(-24)*16/4. Suppose -w*j - 65 = -5*u - 25, -2*j = u + 5. Suppose -u*y + 13 = 2*s - 158, -5*s + 3*y = -443. List the prime factors of s.
2, 11
Suppose 0 = 4*x + 193*a - 195*a - 57412, -12 = -2*a. What are the prime factors of x?
2, 37, 97
Let s(d) = 2533*d**2 - 16*d - 14. What are the prime factors of s(3)?
5, 4547
Let g = 27 - 18. Let x be 6/g - (2 - 33/(-9)). Let a(r) = r**2 + 3*r + 15. List the prime factors of a(x).
5
Let c = 21 - 18. Suppose 6*d - c*d - 12 = 0. Suppose g - 17 = -2*v + 78, d*g + 4*v - 384 = 0. What are the prime factors of g?
97
Let z = -83873 + 135400. List the prime factors of z.
7, 17, 433
Let h = 6 - 3. Let d = 538 - 550. List the prime factors of 332/d*-7 - 2/h.
193
Suppose -1520*d + 577252 = -1486*d. What are the prime factors of d?
2, 13, 653
Let g = 74 + -70. Suppose g*c + 1099 = 39. List the prime factors of -1*(1 - c)/(-2).
7, 19
Let h = -2140 + 1405. Let l = h - -1183. What are the prime factors of l?
2, 7
Suppose 118*i = 117*i, 23052 = 4*f + 5*i. What are the prime factors of f?
3, 17, 113
Suppose 5*v + 7*r = 3*r - 13, -5*r + 40 = -5*v. Let n(c) = 3*c**2 + 7*c - 2. List the prime factors of n(v).
2, 19
Let q(r) = -3*r + 26. Let o be q(7). Suppose x - 3*g = 219, 2*g - 1095 = -o*x + g. Suppose -v + 48 = 5*k, 2*v + 4*k = -3*v + x. What are the prime factors of v?
43
Let b = -47514 + 94141. List the prime factors of b.
7, 6661
Let i be (-14)/(-6) + -2 + (-488)/24. Let u(s) = 5*s**2 + 48*s + 12. List the prime factors of u(i).
2, 263
Let d be (-110)/(-275) + ((-36)/(-10) - -1). Suppose -634 = -d*p + 276. List the prime factors of p.
2, 7, 13
Let p(k) = 21*k**3 - 3*k**2 + 7*k - 8. Let y be p(2). Let f = y - -693. List the prime factors of f.
3, 5, 19
Suppose -3*n + 16 = -n + 4*w, -5*w + 7 = -4*n. Suppose -5*k + 1247 + 5228 = 5*t, -n*t - 5*k = -2590. List the prime factors of t.
5, 7, 37
Let r be 1/(-5)*10/(-4)*548. Let l = r - 18. What are the prime factors of l?
2
Let a(w) = -2*w - 14. Let k be a(-9). Let s be ((-3)/9)/((-3)/27). What are the prime factors of (k - 4/(-2) - s) + 124?
127
Let o = 57 + -79. Let s be 1/((-3)/9*-1). Let x = s - o. List the prime factors of x.
5
Suppose -4*i = -2*n + 78, 2*n + 105 = 5*n - 3*i. Let y = 118 + -33. Let m = y + n. What are the prime factors of m?
2, 29
Let g(b) = 8*b**2 + 33*b + 8. Let j be g(-4). Suppose j*h = -2*r + 3888, r + 2*r - 12 = 0. What are the prime factors of h?
2, 5, 97
Suppose -r - 390 = 29*r. List the prime factors of r/1*345/(-15).
13, 23
Let j be (2 - 1)*-2 - -1. Let b be (8 - -285)*(0 - j). Let h = b + -108. List the prime factors of h.
5, 37
Let i(h) = -48*h**2 - 2004*h. What are the prime factors of i(-36)?
2, 3, 23
Let c(u) = 5*u + 15. Let t be c(-4). Let s be (-3 - (t - -3)) + 7. Suppose 0 = -2*i - 5*p + 28, s = 5*p - 14. List the prime factors of i.
2
Suppose -270*s + 139*s = -3409275. What are the prime factors of s?
3, 5, 347
Suppose -j = -25 + 14. Suppose -31*d + 6240 = -j*d. What are the prime factors of d?
2, 3, 13
Suppose 2 - 119 = 13*s. Let h(g) = -53*g + 16. What are the prime factors of h(s)?
17, 29
Let m be 3 + (-1)/((-2)/8). Let d be ((-72)/16)/((-3)/(-6)). List the prime factors of 7579/117 + m/d + 1.
5, 13
Let h = -15279 + 32411. List the prime factors of h.
2, 4283
Let g(m) = -43*m**3 - 26*m**2 - 217*m + 4. What are the prime factors of g(-7)?
2, 7499
Suppose 5*o - n - 77 = 0, 0 = 3*o - 20*n + 24*n - 37. Suppose 4*g - 13 = -4*w + o, w = g - 17. List the prime factors of g.
2, 3
Let o(m) = 22*m**3 - 4*m**2 + 3*m + 34. What are the prime factors of o(7)?
5, 1481
Suppose -212*f + 229*f = 390269. What are the prime factors of f?
11, 2087
Suppose 517 = -4*w - 4*t - 251, 0 = -4*w + 4*t - 808. Let y = -87 - w. What are the prime factors of y?
2, 5, 11
What are the prime factors of ((-408)/(-240))/(2/81580)?
17, 4079
Let l(r) = -3*r**3 + 4*r**2 - 23*r + 5. Let y(q) = -q**3 - 2*q + 1. Let c(k) = -l(k) + 4*y(k). What are the prime factors of c(-11)?
3, 227
Suppose 5*k - 53 = 2*h, 32 + 19 = -4*h - k. Let b be ((-207)/(-3))/((-6)/h). Let n = b - 54. What are the prime factors of n?
107
Let y(b) = -7*b + 12*b - 26*b - 127 - 12*b - 5*b. List the prime factors of y(-17).
3, 173
Let d(u) = 20*u**2 + 9*u + 2. Let q be d(-1). Suppose -q*p + 541 = -1292. What are the prime factors of p?
3, 47
Suppose 99*i = 104*i - 5*x - 329145, 0 = 5*i + x - 329175. What are the prime factors of i?
2, 32917
Suppose -14*m + 56 = -18*m. Let h be ((-9)/(-21))/((-2)/m). Suppose -3*s + 66 = u, -2*u - h*s = -0*u - 129. What are the prime factors of u?
3, 7
Suppose 4*x - 7*x - 74 = -l, 0 = x - 3. List the prime factors of l.
83
Let q(u) = 94*u**2 - 47*u**2 - 5*u + 205*u**2 + 54*u**2 - 4. Let o be q(-1). Suppose -3*l - 58 + o = 0. What are the prime factors of l?
83
What are the prime factors of -95 + 100 + (6508 - 0)?
3, 13, 167
Let i = 173 + -169. Suppose 3*p - 1290 = -i*v, 3*v + 256 - 1543 = -3*p. List the prime factors of p.
2, 3, 71
Let g(u) = -u + 31. Let l be g(39). What are the prime factors of ((-5608)/(-8) - -7) + l?
2, 5, 7
Suppose 5*x - 265789 = 2*n, 5*n + 106296 = 2*x + 7*n. What are the prime factors of x?
5, 10631
Let u be 317/5 - (-12)/(-30). Let q be (-18)/u - (-16)/7. Suppose q*v - 242 = -i + 3*i, -20 = 4*i. What are the prime factors of v?
2, 29
Let g = 85555 - 39983. List the prime factors of g.
2, 11393
Suppose 6754*z - 49570 = 6752*z. List the prime factors of z.
5, 4957
What are the prime factors of 5 - (9 + -27519) - 3?
2, 19, 181
Let a = -55639 + 79776. List the prime factors of a.
24137
Suppose 0 = 3*l + 3*b + 81, -5*b - 18 - 1 = l. Let h(j) = -30*j + 180. What are the prime factors of h(l)?
2, 3, 5, 7
Let k(u) = -4*u**3 - 3*u**2 - 7*u + 1. Let l be 40/(-16) + 6/(-4). List the prime factors of k(l).
3, 79
Let x be 3930/(-25)*-5 + 1*3. Suppose -26*f = -x - 7089. List the prime factors of f.
3, 101
Let g(u) = -u**3 - 15*u**2 + 8*u + 3. Let t be g(-19). Let b = 2070 - t. List the prime factors of b.
5, 31
Let c = 22298 + -11734. List the prime fact